 - j - 1. Determine m(q).
5
Let m(q) = 7*q**2 - 2*q**3 - q - 8*q**2 - 1 + 3*q**3. Calculate m(0).
-1
Let f(h) = 55*h - 8. Let w(v) = -19*v + 3. Let b(s) = -4*f(s) - 11*w(s). Calculate b(-1).
10
Let c = 3 + -2. Suppose 0 = -2*d - 3*d + 10. Let t(o) = -1 - 4*o + d*o + 0*o. Calculate t(c).
-3
Suppose 3*h - h + 26 = 3*g, 5*g + 4*h - 14 = 0. Let y(o) = -o**3 + 5*o**2 + 8*o - 6. Give y(g).
6
Let l be 0/(-3) + 5/10. Let j(t) be the second derivative of 1/6*t**3 - 1/4*t**4 + 2*t + 0 - l*t**2 - 1/20*t**5. Determine j(-2).
-7
Let b(t) = 3*t**3 + 5*t**2 - 7*t + 6. Let r(d) = 0*d**3 - 2*d**3 + 22 - 5*d**2 + 6*d - 27. Let y(o) = -3*b(o) - 4*r(o). Give y(3).
11
Suppose -3 = -2*f + 5. Let j(c) be the second derivative of 1/12*c**4 + 2*c - 5/6*c**3 + 0 + c**2. Determine j(f).
-2
Suppose 6*y = 4*y - 2. Let v(k) = -2*k**2 - 2*k - 1. Let w(f) be the third derivative of f**6/120 + 3*f**2. Let h(l) = y*v(l) + 4*w(l). Calculate h(-1).
-3
Let t(v) = 4*v**2 - 6*v - 1. Let p(s) = -5*s**2 + 7*s + 1. Let a(x) = -5*p(x) - 6*t(x). Determine a(2).
7
Suppose 3*a = 15, -5*s + 4*s = a - 30. Let z = -23 + s. Let t(w) = 2*w**3 - 2*w**2 - 2. Give t(z).
6
Let y(w) = w**3 - 7*w**2 + 2*w - 11. Let s be y(7). Let z(j) = 5*j - 3. What is z(s)?
12
Let d(k) be the first derivative of 2*k**3/3 + k**2 - k - 2. Suppose 3*r = -0 - 6. Determine d(r).
3
Suppose -4*u + 4 = 2*j, -u - 2 = 5*j - 3*u. Let i(r) be the second derivative of -r + j - 1/2*r**2 - 1/6*r**3. Calculate i(-4).
3
Let j(y) = -y**2 + y + 7. Let l be j(-3). Let z(x) = x + 3. Determine z(l).
-2
Let a(z) = z. Let m be a(3). Let d(c) = -3 + m - 3 + 2 - c**2. Let r be d(1). Let k(y) = -y**3 + y + 2. Give k(r).
8
Suppose -2*p + p + 6 = 0. Let b(i) = i**2 - 7*i + 4. What is b(p)?
-2
Let j(p) be the third derivative of p**6/240 - p**5/60 + 5*p**4/24 - 2*p**2. Let s(b) be the second derivative of j(b). Suppose -3*h + 12 = h. What is s(h)?
7
Let k be 20/120 - 1/6. Let b(a) = a - 19. What is b(k)?
-19
Let d(f) = -f**3 + 8*f**2 + 3*f - 8. Let k(b) = 2*b**3 + 4 - 7*b**2 - 4*b**3 + 3*b**3 + 3 - 2*b. Let s(r) = 2*d(r) + 3*k(r). Calculate s(4).
-11
Let j(p) = p + 11. Suppose 0 = -2*r - 4*o - 4, 4*r - 2*o - 2*o = 4. Suppose 0 = -3*v - r*v. Determine j(v).
11
Suppose p + 7 = 2*v, -2*v - 2*p - 2 + 0 = 0. Let k(o) = -5*o**v - o + o**3 - o + 6*o + 2*o - 3. What is k(4)?
5
Let q = -14 + 6. Let c = q + 12. Let p(u) = u + 1. Let y(j) = -6*j. Let s(w) = -3*p(w) - y(w). Give s(c).
9
Let m(d) be the third derivative of -d**6/120 - d**5/10 - 7*d**4/24 + d**3/6 + 17*d**2. Calculate m(-5).
11
Let m(q) = -3*q**3 - q**2 + 5*q - 3. Let o(h) = 10*h + 1. Let i be o(1). Let t(s) = 16*s**3 + 6*s**2 - 25*s + 15. Let y(u) = i*m(u) + 2*t(u). What is y(3)?
-6
Let b(h) be the second derivative of -h**5/20 + h**4/4 + h**3/6 - h**2 + 2*h. What is b(4)?
-14
Suppose -16 = -3*d - 1. Suppose -d*k - 3 = -23. Let t(c) = c - 1. What is t(k)?
3
Let o = 32 + -21. Suppose 0 = -5*b + 4 + o. Let l(u) = -2*u**2 + 3*u + 2*u + b - 8*u. Calculate l(-3).
-6
Let l(w) = -4*w**2 - w + 1. Let g be l(1). Let r be 14/g - (-6)/(-12). Let b(q) = 2 + 8*q - 3*q + 3*q**2 - 2*q**2. Give b(r).
-2
Let j(h) = -h - 7. Let i = 199 + -208. Calculate j(i).
2
Let p(u) = -3*u - 4. Suppose 1 = 3*y - 8. What is p(y)?
-13
Let w(n) = -6*n**3 + 4*n**2 + 2*n - 1. Let b(i) = i**3 + i**2. Suppose -z - 3 = -4*z. Suppose 0*q + 6*q + 24 = 0. Let u(y) = q*b(y) + z*w(y). Give u(1).
-9
Let o(g) be the second derivative of g**5/60 + g**4/12 - g**3/6 - g**2/2 + 2*g. Let w(p) be the first derivative of o(p). Determine w(1).
2
Let a(w) = -2*w**3 + 2*w**2 - 1. Let p(g) = -g - 2. Let m be p(-7). Let k be ((-2)/(-1))/(-7 + m). Determine a(k).
3
Let v(o) = 11*o - 4 + 6 - o**3 + o**2 - 10*o. Calculate v(3).
-13
Let y(r) = -r**3 - 5*r**2 - r - 4. Let v = -10 - -2. Let t be (-2)/v - (-69)/12. Let m = t + -11. Determine y(m).
1
Let o(y) = -y**2 - 4*y + 7. Let z be o(-6). Let f = z + 8. Let n(i) = 2*i - 1. Give n(f).
5
Let d(s) = -s - 7. Let a be (-310)/(-11) - (-4)/(-22). Let c = a + -12. Let h = 11 - c. What is d(h)?
-2
Let r(b) = -b**3 - 6*b**2 + 6. Let l(u) = u**3 + 8*u**2 + 8*u + 1. Let g = 17 + -24. Let i be l(g). Determine r(i).
6
Let d(p) = 5*p**2 + 6*p + 2. Let z(i) = -i**2. Let r(f) = -d(f) - 4*z(f). Give r(-5).
3
Let p = -9 + 18. Suppose 5*v - p*v + 4 = 0. Let m(j) = -j**3 + 2*j - 1. Calculate m(v).
0
Let j(l) = l**2 + 5*l - 4. Suppose -4*y = -5*d - 15, y - 2*d = 6*y - 27. Suppose -2*k = -0*k - 10. Suppose k*w = -5*r - 50, 0*w + y*w = -r - 30. Give j(r).
-4
Let a(b) = -5 + 0 - 1 + 5 + 2*b. Calculate a(2).
3
Let x(d) = d**3 + 5*d**2 + 3*d. Let r be x(-4). Suppose 4*m = a - 12, r*a + 7 = m - 5. Let f(y) = 2*y + 4. What is f(a)?
-4
Let q(h) = -h**3 - 3*h**2 - h - 2. Let b be q(-3). Let s(m) = -661 - 662 - 9*m + 1323. Calculate s(b).
-9
Let o = -4 + 4. Suppose -2*v - 16 = -6*v. Let p(i) = -2*i + v + i + 1. Give p(o).
5
Suppose 2*l = -l + 6. Suppose l*i = -i + 3. Let u(o) = 2*o + 1. Give u(i).
3
Let c(l) = -5 + l**3 + 3 + 6*l**2 - 3*l + 4*l. Suppose -4 = 2*b + 2*q, 2*b + q = -10 + 2. What is c(b)?
-8
Let y(p) = 0*p**2 + 0*p**3 - p + 0*p**2 + 18*p**3. Give y(-1).
-17
Let f(h) be the first derivative of -3/2*h**4 + 0*h + 3 + 1/2*h**2 - 1/3*h**3. What is f(1)?
-6
Let v(m) = -2*m - 1 + 2*m + m + 3*m**2. Let f be 0 - (1 - (7 + -1)). Suppose 5*x + f*o + 25 = -0*o, 0 = -3*x + o - 3. Determine v(x).
9
Let m = 7 - 3. Let b(v) = 1 + 3*v - 2*v - m*v - v. What is b(1)?
-3
Let o(k) = -k - 4. Let a(y) = 2*y + 7. Suppose 4 = 2*x, 3*s = -3*x - 7 - 8. Let q(t) = s*o(t) - 3*a(t). Give q(-5).
2
Let s(p) = p - 3*p + 4 + p. Determine s(6).
-2
Let h be (-60)/(-25) - 4/10. Let n(m) = -m**2 + 3*m - 2. Give n(h).
0
Let x(i) = 4*i. Suppose 5*d + 0 - 3 = -2*k, -15 = -5*k - 5*d. Let c(h) = h - 3. Let y be c(k). Calculate x(y).
4
Let z(a) = 2*a. Let v(b) = -b + 4. Let u(l) = -l + 3. Let h(j) = 4*u(j) - 3*v(j). Let f(w) = -h(w) - z(w). What is f(-4)?
4
Let v(h) = -h + 10. Suppose -76*t + 7 = -75*t. Calculate v(t).
3
Let f(n) = 3*n**2 - 17*n - 38. Let x(h) = h**2 - 6*h - 13. Let m(t) = -6*f(t) + 17*x(t). Let i(s) = s**2 - 2*s + 1. Let l be i(1). What is m(l)?
7
Let s be 3/(-12) - 45/12. Let w(m) = 7*m**3 + 10*m**2 + 15*m + 1. Let h(j) = -7*j + 0*j - 5*j**2 + 0*j - 3*j**3. Let i(y) = -5*h(y) - 2*w(y). Give i(s).
-6
Let i(c) = -c**3 - 3*c**2 + c - 2. Suppose 0 = -u + 4*l, 4*u + 4*l = u. Suppose -4*s - 5*b - 22 = u, 3*s - b = -0*b - 7. Calculate i(s).
-5
Let j(y) = -3*y + 4. Let a(r) = -3*r + 4. Let l(h) = 4*a(h) - 3*j(h). Let p(c) = 2*c - 4. Let u be p(4). What is l(u)?
-8
Suppose -4*g + 47 = 3*s, 0 = -2*g + 2*s + 3*s - 9. Suppose 5*w - 25 = -k, g = 5*w - 17. Let n(o) = -o - 10. Determine n(k).
-10
Let z(v) = -v**2 + 5*v + 1. Suppose -6*g = -2*g - 16. Give z(g).
5
Let x be -12*3/6*-1. Let g(q) be the third derivative of -q**4/24 + q**3/2 + 4*q**2. Give g(x).
-3
Let l(r) = -r + 1. Let s = 2 + 0. Let h be -3*(-1)/2*s. Suppose -2*u = -3*u - h. What is l(u)?
4
Let p(f) = -4*f**2 + 3*f**2 + 0*f + 4*f. Let y = -46 + 28. Let g be (6/(-4))/(y/60). Calculate p(g).
-5
Let v(o) be the second derivative of -4*o**3/3 + o**2/2 + 18*o. Give v(-1).
9
Suppose 1 + 5 = 2*v. Suppose -4*p + 13 = -v. Let i(z) = -1 + 1 + 2 + p*z. Calculate i(-2).
-6
Let i(v) = -4*v**2 + 2*v - 1. Suppose -5*f - 12 - 8 = 0. Let z = -1 - f. Suppose -z = h - 4. Determine i(h).
-3
Let c(o) be the third derivative of 0*o + 2*o**2 + 1/24*o**4 - 1/6*o**3 + 1/30*o**5 + 0. What is c(2)?
9
Let f(h) = 2*h - 3. Let y be 12/(-8)*8/(-6) - -2. Calculate f(y).
5
Suppose 0*s - 3*s + j + 7 = 0, -2*s + j + 3 = 0. Suppose -s*v - 2 = -26. Let g(x) = -x**2 + 6*x + 5. Give g(v).
5
Let u be ((-4)/5)/(2/(-5)). Let q(s) = s + s**3 - 4*s**3 + 2*s**3 - 5*s**u + 2. Calculate q(-5).
-3
Let y(g) = 6 - 22 + 7*g + 15. Determine y(1).
6
Let n(z) = -z**3 - 7*z**2 - z - 9. Let g(d) = -d**2 + 4*d + 2*d + 0*d - 23 + 16. Let r be g(6). Give n(r).
-2
Let u(k) = 4*k + 16. Let w be u(-5). Let x(f) = -f**2 - 6*f - 4. Determine x(w).
4
Let j(p) = 4*p - 3. Suppose -2*z + 1 = 2*z + 3*k, 0 = 3*z - k - 17. Let x(a) = 1. Let d be (-2)/2*(3 - 4). Let i(t) = d*j(t) + z*x(t). Calculate i(1).
5
Suppose 0*f + f = -3*n + 10, -5*f + n = -18. Let y(u) = -8*u + 4*u - 4*u**3 - f*u**3 + 9*u**3 - 3. Give y(-2).
-3
Let g be (-1 - 0) + (-20)/(-5). Suppose 